{"id":12122,"date":"2025-04-08T11:07:20","date_gmt":"2025-04-08T09:07:20","guid":{"rendered":"https:\/\/visitbuggiano.com\/evento\/staffeln-des-gedachtnisses\/"},"modified":"2025-04-08T11:07:20","modified_gmt":"2025-04-08T09:07:20","slug":"staffeln-des-gedachtnisses","status":"publish","type":"tribe_events","link":"https:\/\/visitbuggiano.com\/de\/evento\/staffeln-des-gedachtnisses\/","title":{"rendered":"Staffeln des Ged\u00e4chtnisses"},"content":{"rendered":"<p>Feier zum 80. Jahrestag der Befreiung vom Nazifaschismus durch die Sch\u00fclerinnen und Sch\u00fcler der 3. Klasse der Sekundarstufe I, die in Ges\u00e4ngen und Lesungen auftreten; Ausstellung ihrer Arbeiten \u00fcber lokale Ereignisse aus der Zeit des Zweiten Weltkrieges und des Widerstands. Ausstellung der Zeichnungen, die von den 5. Klassen der Grundschule \u00fcber die Geschichte des Partisanen Ivo Teglia erstellt wurden. \u00dcbergabe von Bescheinigungen &#8222;Staffel der Erinnerung&#8220;.  <\/p>\n<p>Eintritt frei<br \/>\nHerausgegeben von: Comune di Buggiano, in collaborazione con Anpi<\/p>\n<p>Info: +39 0572 317149, s.antognoli@comune.buggiano.pt.it<\/p>\n","protected":false},"excerpt":{"rendered":"<p>Feier zum 80. Jahrestag der Befreiung vom Nazifaschismus durch die Sch\u00fclerinnen und Sch\u00fcler der 3. Klasse der Sekundarstufe I, die in Ges\u00e4ngen und Lesungen auftreten; Ausstellung ihrer Arbeiten \u00fcber lokale [&hellip;]<\/p>\n","protected":false},"author":1,"featured_media":10567,"template":"","meta":{"_acf_changed":false,"_tribe_events_status":"","_tribe_events_status_reason":"","footnotes":""},"tags":[],"tribe_events_cat":[],"class_list":["post-12122","tribe_events","type-tribe_events","status-publish","has-post-thumbnail","hentry"],"acf":false,"yoast_head":"<!-- This site is optimized with the Yoast SEO plugin v25.0 - https:\/\/yoast.com\/wordpress\/plugins\/seo\/ -->\n<title>Staffeln des Ged\u00e4chtnisses - Visit Buggiano<\/title>\n<meta name=\"description\" content=\"Feier zum 80. Jahrestag der Befreiung vom Nazifaschismus durch die Sch\u00fclerinnen und Sch\u00fcler der 3. Klasse der Sekundarstufe I, die in Ges\u00e4ngen und\" \/>\n<meta name=\"robots\" content=\"index, follow, max-snippet:-1, max-image-preview:large, max-video-preview:-1\" \/>\n<link rel=\"canonical\" href=\"https:\/\/visitbuggiano.com\/de\/evento\/staffeln-des-gedachtnisses\/\" \/>\n<meta property=\"og:locale\" content=\"de_DE\" \/>\n<meta property=\"og:type\" content=\"article\" \/>\n<meta property=\"og:title\" content=\"Staffeln des Ged\u00e4chtnisses - Visit Buggiano\" \/>\n<meta property=\"og:description\" content=\"Feier zum 80. Jahrestag der Befreiung vom Nazifaschismus durch die Sch\u00fclerinnen und Sch\u00fcler der 3. Klasse der Sekundarstufe I, die in Ges\u00e4ngen und\" \/>\n<meta property=\"og:url\" content=\"https:\/\/visitbuggiano.com\/de\/evento\/staffeln-des-gedachtnisses\/\" \/>\n<meta property=\"og:site_name\" content=\"Visit Buggiano\" \/>\n<meta property=\"article:publisher\" content=\"https:\/\/www.facebook.com\/visitbuggiano\" \/>\n<meta property=\"og:image\" content=\"https:\/\/visitbuggiano.com\/wp-content\/uploads\/2023\/01\/logo-social-visit-buggiano.jpg\" \/>\n\t<meta property=\"og:image:width\" content=\"1080\" \/>\n\t<meta property=\"og:image:height\" content=\"1080\" \/>\n\t<meta property=\"og:image:type\" content=\"image\/jpeg\" \/>\n<meta name=\"twitter:card\" content=\"summary_large_image\" \/>\n<script type=\"application\/ld+json\" class=\"yoast-schema-graph\">{\"@context\":\"https:\/\/schema.org\",\"@graph\":[{\"@type\":\"WebPage\",\"@id\":\"https:\/\/visitbuggiano.com\/de\/evento\/staffeln-des-gedachtnisses\/\",\"url\":\"https:\/\/visitbuggiano.com\/de\/evento\/staffeln-des-gedachtnisses\/\",\"name\":\"Staffeln des Ged\u00e4chtnisses - Visit Buggiano\",\"isPartOf\":{\"@id\":\"https:\/\/visitbuggiano.com\/de\/#website\"},\"primaryImageOfPage\":{\"@id\":\"https:\/\/visitbuggiano.com\/de\/evento\/staffeln-des-gedachtnisses\/#primaryimage\"},\"image\":{\"@id\":\"https:\/\/visitbuggiano.com\/de\/evento\/staffeln-des-gedachtnisses\/#primaryimage\"},\"thumbnailUrl\":\"https:\/\/visitbuggiano.com\/wp-content\/uploads\/2021\/07\/cropped-LOGO-B-INSTAGRAM.png\",\"datePublished\":\"2025-04-08T09:07:20+00:00\",\"description\":\"Feier zum 80. Jahrestag der Befreiung vom Nazifaschismus durch die Sch\u00fclerinnen und Sch\u00fcler der 3. Klasse der Sekundarstufe I, die in Ges\u00e4ngen und\",\"breadcrumb\":{\"@id\":\"https:\/\/visitbuggiano.com\/de\/evento\/staffeln-des-gedachtnisses\/#breadcrumb\"},\"inLanguage\":\"de\",\"potentialAction\":[{\"@type\":\"ReadAction\",\"target\":[\"https:\/\/visitbuggiano.com\/de\/evento\/staffeln-des-gedachtnisses\/\"]}]},{\"@type\":\"ImageObject\",\"inLanguage\":\"de\",\"@id\":\"https:\/\/visitbuggiano.com\/de\/evento\/staffeln-des-gedachtnisses\/#primaryimage\",\"url\":\"https:\/\/visitbuggiano.com\/wp-content\/uploads\/2021\/07\/cropped-LOGO-B-INSTAGRAM.png\",\"contentUrl\":\"https:\/\/visitbuggiano.com\/wp-content\/uploads\/2021\/07\/cropped-LOGO-B-INSTAGRAM.png\",\"width\":512,\"height\":512},{\"@type\":\"BreadcrumbList\",\"@id\":\"https:\/\/visitbuggiano.com\/de\/evento\/staffeln-des-gedachtnisses\/#breadcrumb\",\"itemListElement\":[{\"@type\":\"ListItem\",\"position\":1,\"name\":\"VisitBuggiano\",\"item\":\"https:\/\/visitbuggiano.com\/de\/\"},{\"@type\":\"ListItem\",\"position\":2,\"name\":\"Veranstaltungen\",\"item\":\"https:\/\/visitbuggiano.com\/de\/eventi\/\"},{\"@type\":\"ListItem\",\"position\":3,\"name\":\"Staffeln des Ged\u00e4chtnisses\"}]},{\"@type\":\"WebSite\",\"@id\":\"https:\/\/visitbuggiano.com\/de\/#website\",\"url\":\"https:\/\/visitbuggiano.com\/de\/\",\"name\":\"Visit Buggiano\",\"description\":\"a breath of Tuscany\",\"publisher\":{\"@id\":\"https:\/\/visitbuggiano.com\/de\/#organization\"},\"potentialAction\":[{\"@type\":\"SearchAction\",\"target\":{\"@type\":\"EntryPoint\",\"urlTemplate\":\"https:\/\/visitbuggiano.com\/de\/?s={search_term_string}\"},\"query-input\":{\"@type\":\"PropertyValueSpecification\",\"valueRequired\":true,\"valueName\":\"search_term_string\"}}],\"inLanguage\":\"de\"},{\"@type\":\"Organization\",\"@id\":\"https:\/\/visitbuggiano.com\/de\/#organization\",\"name\":\"Visit Buggiano\",\"url\":\"https:\/\/visitbuggiano.com\/de\/\",\"logo\":{\"@type\":\"ImageObject\",\"inLanguage\":\"de\",\"@id\":\"https:\/\/visitbuggiano.com\/de\/#\/schema\/logo\/image\/\",\"url\":\"https:\/\/visitbuggiano.com\/wp-content\/uploads\/2021\/08\/logo-visit-buggiano-colore-ok.svg\",\"contentUrl\":\"https:\/\/visitbuggiano.com\/wp-content\/uploads\/2021\/08\/logo-visit-buggiano-colore-ok.svg\",\"width\":1,\"height\":1,\"caption\":\"Visit Buggiano\"},\"image\":{\"@id\":\"https:\/\/visitbuggiano.com\/de\/#\/schema\/logo\/image\/\"},\"sameAs\":[\"https:\/\/www.facebook.com\/visitbuggiano\",\"https:\/\/www.instagram.com\/visitbuggiano\",\"https:\/\/www.youtube.com\/channel\/UChJGK-7VcUdVyA5yrx3UGsw\"]}]}<\/script>\n<!-- \/ Yoast SEO plugin. -->","yoast_head_json":{"title":"Staffeln des Ged\u00e4chtnisses - Visit Buggiano","description":"Feier zum 80. Jahrestag der Befreiung vom Nazifaschismus durch die Sch\u00fclerinnen und Sch\u00fcler der 3. Klasse der Sekundarstufe I, die in Ges\u00e4ngen und","robots":{"index":"index","follow":"follow","max-snippet":"max-snippet:-1","max-image-preview":"max-image-preview:large","max-video-preview":"max-video-preview:-1"},"canonical":"https:\/\/visitbuggiano.com\/de\/evento\/staffeln-des-gedachtnisses\/","og_locale":"de_DE","og_type":"article","og_title":"Staffeln des Ged\u00e4chtnisses - Visit Buggiano","og_description":"Feier zum 80. Jahrestag der Befreiung vom Nazifaschismus durch die Sch\u00fclerinnen und Sch\u00fcler der 3. Klasse der Sekundarstufe I, die in Ges\u00e4ngen und","og_url":"https:\/\/visitbuggiano.com\/de\/evento\/staffeln-des-gedachtnisses\/","og_site_name":"Visit Buggiano","article_publisher":"https:\/\/www.facebook.com\/visitbuggiano","og_image":[{"width":1080,"height":1080,"url":"https:\/\/visitbuggiano.com\/wp-content\/uploads\/2023\/01\/logo-social-visit-buggiano.jpg","type":"image\/jpeg"}],"twitter_card":"summary_large_image","schema":{"@context":"https:\/\/schema.org","@graph":[{"@type":"WebPage","@id":"https:\/\/visitbuggiano.com\/de\/evento\/staffeln-des-gedachtnisses\/","url":"https:\/\/visitbuggiano.com\/de\/evento\/staffeln-des-gedachtnisses\/","name":"Staffeln des Ged\u00e4chtnisses - Visit Buggiano","isPartOf":{"@id":"https:\/\/visitbuggiano.com\/de\/#website"},"primaryImageOfPage":{"@id":"https:\/\/visitbuggiano.com\/de\/evento\/staffeln-des-gedachtnisses\/#primaryimage"},"image":{"@id":"https:\/\/visitbuggiano.com\/de\/evento\/staffeln-des-gedachtnisses\/#primaryimage"},"thumbnailUrl":"https:\/\/visitbuggiano.com\/wp-content\/uploads\/2021\/07\/cropped-LOGO-B-INSTAGRAM.png","datePublished":"2025-04-08T09:07:20+00:00","description":"Feier zum 80. Jahrestag der Befreiung vom Nazifaschismus durch die Sch\u00fclerinnen und Sch\u00fcler der 3. Klasse der Sekundarstufe I, die in Ges\u00e4ngen und","breadcrumb":{"@id":"https:\/\/visitbuggiano.com\/de\/evento\/staffeln-des-gedachtnisses\/#breadcrumb"},"inLanguage":"de","potentialAction":[{"@type":"ReadAction","target":["https:\/\/visitbuggiano.com\/de\/evento\/staffeln-des-gedachtnisses\/"]}]},{"@type":"ImageObject","inLanguage":"de","@id":"https:\/\/visitbuggiano.com\/de\/evento\/staffeln-des-gedachtnisses\/#primaryimage","url":"https:\/\/visitbuggiano.com\/wp-content\/uploads\/2021\/07\/cropped-LOGO-B-INSTAGRAM.png","contentUrl":"https:\/\/visitbuggiano.com\/wp-content\/uploads\/2021\/07\/cropped-LOGO-B-INSTAGRAM.png","width":512,"height":512},{"@type":"BreadcrumbList","@id":"https:\/\/visitbuggiano.com\/de\/evento\/staffeln-des-gedachtnisses\/#breadcrumb","itemListElement":[{"@type":"ListItem","position":1,"name":"VisitBuggiano","item":"https:\/\/visitbuggiano.com\/de\/"},{"@type":"ListItem","position":2,"name":"Veranstaltungen","item":"https:\/\/visitbuggiano.com\/de\/eventi\/"},{"@type":"ListItem","position":3,"name":"Staffeln des Ged\u00e4chtnisses"}]},{"@type":"WebSite","@id":"https:\/\/visitbuggiano.com\/de\/#website","url":"https:\/\/visitbuggiano.com\/de\/","name":"Visit Buggiano","description":"a breath of Tuscany","publisher":{"@id":"https:\/\/visitbuggiano.com\/de\/#organization"},"potentialAction":[{"@type":"SearchAction","target":{"@type":"EntryPoint","urlTemplate":"https:\/\/visitbuggiano.com\/de\/?s={search_term_string}"},"query-input":{"@type":"PropertyValueSpecification","valueRequired":true,"valueName":"search_term_string"}}],"inLanguage":"de"},{"@type":"Organization","@id":"https:\/\/visitbuggiano.com\/de\/#organization","name":"Visit Buggiano","url":"https:\/\/visitbuggiano.com\/de\/","logo":{"@type":"ImageObject","inLanguage":"de","@id":"https:\/\/visitbuggiano.com\/de\/#\/schema\/logo\/image\/","url":"https:\/\/visitbuggiano.com\/wp-content\/uploads\/2021\/08\/logo-visit-buggiano-colore-ok.svg","contentUrl":"https:\/\/visitbuggiano.com\/wp-content\/uploads\/2021\/08\/logo-visit-buggiano-colore-ok.svg","width":1,"height":1,"caption":"Visit Buggiano"},"image":{"@id":"https:\/\/visitbuggiano.com\/de\/#\/schema\/logo\/image\/"},"sameAs":["https:\/\/www.facebook.com\/visitbuggiano","https:\/\/www.instagram.com\/visitbuggiano","https:\/\/www.youtube.com\/channel\/UChJGK-7VcUdVyA5yrx3UGsw"]}]}},"_links":{"self":[{"href":"https:\/\/visitbuggiano.com\/de\/wp-json\/wp\/v2\/tribe_events\/12122","targetHints":{"allow":["GET"]}}],"collection":[{"href":"https:\/\/visitbuggiano.com\/de\/wp-json\/wp\/v2\/tribe_events"}],"about":[{"href":"https:\/\/visitbuggiano.com\/de\/wp-json\/wp\/v2\/types\/tribe_events"}],"author":[{"embeddable":true,"href":"https:\/\/visitbuggiano.com\/de\/wp-json\/wp\/v2\/users\/1"}],"version-history":[{"count":0,"href":"https:\/\/visitbuggiano.com\/de\/wp-json\/wp\/v2\/tribe_events\/12122\/revisions"}],"wp:featuredmedia":[{"embeddable":true,"href":"https:\/\/visitbuggiano.com\/de\/wp-json\/wp\/v2\/media\/10567"}],"wp:attachment":[{"href":"https:\/\/visitbuggiano.com\/de\/wp-json\/wp\/v2\/media?parent=12122"}],"wp:term":[{"taxonomy":"post_tag","embeddable":true,"href":"https:\/\/visitbuggiano.com\/de\/wp-json\/wp\/v2\/tags?post=12122"},{"taxonomy":"tribe_events_cat","embeddable":true,"href":"https:\/\/visitbuggiano.com\/de\/wp-json\/wp\/v2\/tribe_events_cat?post=12122"}],"curies":[{"name":"wp","href":"https:\/\/api.w.org\/{rel}","templated":true}]}}

Staffeln des Gedächtnisses

<p>Feier zum 80. Jahrestag der Befreiung vom Nazifaschismus durch die Schülerinnen und Schüler der 3. Klasse der Sekundarstufe I, die in Gesängen und Lesungen auftreten; Ausstellung ihrer Arbeiten über lokale Ereignisse aus der Zeit des Zweiten Weltkrieges und des Widerstands. Ausstellung der Zeichnungen, die von den 5. Klassen der Grundschule über die Geschichte des Partisanen Ivo Teglia erstellt wurden. Übergabe von Bescheinigungen &#8222;Staffel der Erinnerung&#8220;.  </p>
<p>Eintritt frei<br />
Herausgegeben von: Comune di Buggiano, in collaborazione con Anpi</p>
<p>Info: +39 0572 317149, s.antognoli@comune.buggiano.pt.it</p>

<p>Feier zum 80. Jahrestag der Befreiung vom Nazifaschismus durch die Schülerinnen und Schüler der 3. Klasse der Sekundarstufe I, die in Gesängen und Lesungen auftreten; Ausstellung ihrer Arbeiten über lokale [&hellip;]</p>

<!-- This site is optimized with the Yoast SEO plugin v25.0 - https://yoast.com/wordpress/plugins/seo/ -->
<title>Staffeln des Gedächtnisses - Visit Buggiano</title>
<meta name="description" content="Feier zum 80. Jahrestag der Befreiung vom Nazifaschismus durch die Schülerinnen und Schüler der 3. Klasse der Sekundarstufe I, die in Gesängen und" />
<meta name="robots" content="index, follow, max-snippet:-1, max-image-preview:large, max-video-preview:-1" />
<link rel="canonical" href="https://visitbuggiano.com/de/evento/staffeln-des-gedachtnisses/" />
<meta property="og:locale" content="de_DE" />
<meta property="og:type" content="article" />
<meta property="og:title" content="Staffeln des Gedächtnisses - Visit Buggiano" />
<meta property="og:description" content="Feier zum 80. Jahrestag der Befreiung vom Nazifaschismus durch die Schülerinnen und Schüler der 3. Klasse der Sekundarstufe I, die in Gesängen und" />
<meta property="og:url" content="https://visitbuggiano.com/de/evento/staffeln-des-gedachtnisses/" />
<meta property="og:site_name" content="Visit Buggiano" />
<meta property="article:publisher" content="https://www.facebook.com/visitbuggiano" />
<meta property="og:image" content="https://visitbuggiano.com/wp-content/uploads/2023/01/logo-social-visit-buggiano.jpg" />
	<meta property="og:image:width" content="1080" />
	<meta property="og:image:height" content="1080" />
	<meta property="og:image:type" content="image/jpeg" />
<meta name="twitter:card" content="summary_large_image" />
<script type="application/ld+json" class="yoast-schema-graph">{"@context":"https://schema.org","@graph":[{"@type":"WebPage","@id":"https://visitbuggiano.com/de/evento/staffeln-des-gedachtnisses/","url":"https://visitbuggiano.com/de/evento/staffeln-des-gedachtnisses/","name":"Staffeln des Gedächtnisses - Visit Buggiano","isPartOf":{"@id":"https://visitbuggiano.com/de/#website"},"primaryImageOfPage":{"@id":"https://visitbuggiano.com/de/evento/staffeln-des-gedachtnisses/#primaryimage"},"image":{"@id":"https://visitbuggiano.com/de/evento/staffeln-des-gedachtnisses/#primaryimage"},"thumbnailUrl":"https://visitbuggiano.com/wp-content/uploads/2021/07/cropped-LOGO-B-INSTAGRAM.png","datePublished":"2025-04-08T09:07:20+00:00","description":"Feier zum 80. Jahrestag der Befreiung vom Nazifaschismus durch die Schülerinnen und Schüler der 3. Klasse der Sekundarstufe I, die in Gesängen und","breadcrumb":{"@id":"https://visitbuggiano.com/de/evento/staffeln-des-gedachtnisses/#breadcrumb"},"inLanguage":"de","potentialAction":[{"@type":"ReadAction","target":["https://visitbuggiano.com/de/evento/staffeln-des-gedachtnisses/"]}]},{"@type":"ImageObject","inLanguage":"de","@id":"https://visitbuggiano.com/de/evento/staffeln-des-gedachtnisses/#primaryimage","url":"https://visitbuggiano.com/wp-content/uploads/2021/07/cropped-LOGO-B-INSTAGRAM.png","contentUrl":"https://visitbuggiano.com/wp-content/uploads/2021/07/cropped-LOGO-B-INSTAGRAM.png","width":512,"height":512},{"@type":"BreadcrumbList","@id":"https://visitbuggiano.com/de/evento/staffeln-des-gedachtnisses/#breadcrumb","itemListElement":[{"@type":"ListItem","position":1,"name":"VisitBuggiano","item":"https://visitbuggiano.com/de/"},{"@type":"ListItem","position":2,"name":"Veranstaltungen","item":"https://visitbuggiano.com/de/eventi/"},{"@type":"ListItem","position":3,"name":"Staffeln des Gedächtnisses"}]},{"@type":"WebSite","@id":"https://visitbuggiano.com/de/#website","url":"https://visitbuggiano.com/de/","name":"Visit Buggiano","description":"a breath of Tuscany","publisher":{"@id":"https://visitbuggiano.com/de/#organization"},"potentialAction":[{"@type":"SearchAction","target":{"@type":"EntryPoint","urlTemplate":"https://visitbuggiano.com/de/?s={search_term_string}"},"query-input":{"@type":"PropertyValueSpecification","valueRequired":true,"valueName":"search_term_string"}}],"inLanguage":"de"},{"@type":"Organization","@id":"https://visitbuggiano.com/de/#organization","name":"Visit Buggiano","url":"https://visitbuggiano.com/de/","logo":{"@type":"ImageObject","inLanguage":"de","@id":"https://visitbuggiano.com/de/#/schema/logo/image/","url":"https://visitbuggiano.com/wp-content/uploads/2021/08/logo-visit-buggiano-colore-ok.svg","contentUrl":"https://visitbuggiano.com/wp-content/uploads/2021/08/logo-visit-buggiano-colore-ok.svg","width":1,"height":1,"caption":"Visit Buggiano"},"image":{"@id":"https://visitbuggiano.com/de/#/schema/logo/image/"},"sameAs":["https://www.facebook.com/visitbuggiano","https://www.instagram.com/visitbuggiano","https://www.youtube.com/channel/UChJGK-7VcUdVyA5yrx3UGsw"]}]}</script>
<!-- / Yoast SEO plugin. -->

Staffeln des Gedächtnisses - Visit Buggiano

Feier zum 80. Jahrestag der Befreiung vom Nazifaschismus durch die Schülerinnen und Schüler der 3. Klasse der Sekundarstufe I, die in Gesängen und
